1248400975.
5, 49936039
What are the prime factors of 109814967?
3, 29, 140249
List the prime factors of 461745536.
2, 7, 179, 2879
List the prime factors of 8064936945.
3, 5, 13, 83, 166099
What are the prime factors of 175131691?
7, 25018813
List the prime factors of 512034321.
3, 71, 103, 23339
What are the prime factors of 729379625?
5, 13, 31, 14479
List the prime factors of 336247029.
3, 17, 2197693
What are the prime factors of 479974773?
3, 787, 203293
List the prime factors of 3649251691.
23, 47, 3375811
What are the prime factors of 1093639395?
3, 5, 151, 173, 2791
List the prime factors of 608857966.
2, 17387, 17509
What are the prime factors of 95519916?
2, 3, 19, 73, 1913
List the prime factors of 2826545305.
5, 565309061
What are the prime factors of 7735236?
2, 3, 349, 1847
What are the prime factors of 1193195435?
5, 238639087
List the prime factors of 44692947.
3, 13, 381991
What are the prime factors of 106254995?
5, 7, 11, 275987
List the prime factors of 411487548.
2, 3, 53, 646993
List the prime factors of 722643233.
13, 23, 2416867
What are the prime factors of 324646314?
2, 3, 17, 3182807
What are the prime factors of 84550805?
5, 29, 719, 811
List the prime factors of 590752885.
5, 107, 761, 1451
What are the prime factors of 55029741?
3, 13, 53, 79, 337
What are the prime factors of 89048681?
1811, 49171
What are the prime factors of 1086066825?
3, 5, 14480891
List the prime factors of 363021615.
3, 5, 11, 37, 6607
What are the prime factors of 2521468102?
2, 41, 4567, 6733
List the prime factors of 142172176.
2, 8885761
List the prime factors of 2289838231.
29, 73, 701, 1543
List the prime factors of 2231739455.
5, 11, 40577081
What are the prime factors of 182290034?
2, 263, 346559
List the prime factors of 327845421.
3, 12142423
List the prime factors of 120754927.
17, 29, 244939
What are the prime factors of 109297896?
2, 3, 17, 267887
What are the prime factors of 19333452?
2, 3, 347, 4643
List the prime factors of 829970730.
2, 3, 5, 19, 485363
What are the prime factors of 142508887?
142508887
What are the prime factors of 1631620458?
2, 3, 13, 17, 31, 101, 131
List the prime factors of 82017797.
181, 453137
List the prime factors of 3077705103.
3, 11, 37, 151, 16693
List the prime factors of 489883249.
197, 2486717
List the prime factors of 151783794.
2, 3, 936937
List the prime factors of 129538243.
31, 1063, 3931
List the prime factors of 218371623.
3, 331, 219911
List the prime factors of 983729704.
2, 122966213
List the prime factors of 265702685.
5, 53140537
List the prime factors of 1929121071.
3, 643040357
What are the prime factors of 3182377118?
2, 17, 29, 163, 19801
List the prime factors of 26371014.
2, 3, 1259, 3491
What are the prime factors of 665616006?
2, 3, 11, 43, 78179
What are the prime factors of 14343465?
3, 5, 956231
List the prime factors of 13858818.
2, 3, 2309803
What are the prime factors of 1978977342?
2, 3, 29, 11373433
List the prime factors of 166625704.
2, 7, 17, 181, 967
List the prime factors of 33906636.
2, 3, 17, 3259
List the prime factors of 3748599541.
3748599541
List the prime factors of 146629755.
3, 5, 127, 25657
List the prime factors of 561966481.
31, 18127951
List the prime factors of 1991158135.
5, 398231627
List the prime factors of 90840505.
5, 7, 257, 10099
List the prime factors of 1899747903.
3, 59, 10733039
What are the prime factors of 23587872?
2, 3, 7, 11, 3191
List the prime factors of 308210678.
2, 47, 3278837
What are the prime factors of 36098091?
3, 211, 19009
What are the prime factors of 186478431?
3, 389, 159793
What are the prime factors of 480141969?
3, 83, 223, 8647
List the prime factors of 377952554.
2, 7, 131, 206081
List the prime factors of 235781355.
3, 5, 19, 827303
What are the prime factors of 7486018?
2, 17, 220177
List the prime factors of 99176736.
2, 3, 23, 44917
What are the prime factors of 328939256?
2, 17, 2418671
List the prime factors of 12369970.
2, 5, 233, 5309
List the prime factors of 1012695372.
2, 3, 13, 17, 14143
List the prime factors of 115816808.
2, 37, 391273
What are the prime factors of 112157570?
2, 5, 7, 19, 1721
List the prime factors of 22317437.
137, 162901
List the prime factors of 22931757.
3, 2547973
What are the prime factors of 516393359?
516393359
What are the prime factors of 717449439?
3, 7, 34164259
List the prime factors of 409122264.
2, 3, 53, 181, 1777
List the prime factors of 297231686.
2, 313, 474811
List the prime factors of 1251098134.
2, 11, 13, 139, 2861
List the prime factors of 124420237.
29, 83, 51691
What are the prime factors of 101721892?
2, 61, 353, 1181
What are the prime factors of 1854096031?
1854096031
List the prime factors of 106633850.
2, 5, 67, 139, 229
List the prime factors of 239459720.
2, 5, 937, 6389
What are the prime factors of 1076132669?
1076132669
What are the prime factors of 5958235503?
3, 11, 6687133
List the prime factors of 1389850050.
2, 3, 5, 2699, 3433
What are the prime factors of 33564066?
2, 3, 5594011
What are the prime factors of 52927266?
2, 3, 7, 223, 5651
List the prime factors of 3046843.
103, 29581
List the prime factors of 562010239.
7, 739, 108643
List the prime factors of 170184506.
2, 367, 231859
What are the prime factors of 8526181582?
2, 233, 18296527
What are the prime factors of 5504643166?
2, 11, 83, 277, 10883
What are the prime factors of 2810704871?
13, 6857, 31531
List the prime factors of 4932428422.
2, 421, 5857991
List the prime factors of 62901777.
3, 20967259
List the prime factors of 2925100521.
3, 7, 19, 349099
List the prime factors of 2848387206.
2, 3, 7, 23, 37, 79693
What are the prime factors of 42118891?
42118891
What are the prime factors of 199904558?
2, 7, 1579, 9043
What are the prime factors of 2238106993?
2238106993
List the prime factors of 1056179406.
2, 3, 176029901
List the prime factors of 353741921.
13, 27210917
List the prime factors of 172122713.
7, 24588959
List the prime factors of 72298456.
2, 239, 37813
What are the prime factors of 37963285?
5, 73, 104009
What are the prime factors of 1075527995?
5, 215105599
List the prime factors of 1073004476.
2, 443, 605533
What are the prime factors of 286606651?
286606651
List the prime factors of 5316576.
2, 3, 55381
What are the prime factors of 27759950?
2, 5, 19, 29221
What are the prime factors of 100728833?
43, 919, 2549
What are the prime factors of 3723883488?
2, 3, 13, 761, 1307
List the prime factors of 2522692882.
2, 503, 2507647
List the prime factors of 26233269.
3, 8744423
What are the prime factors of 1486381583?
31, 263, 5881
List the prime factors of 23689651.
79, 101, 2969
What are the prime factors of 70027813?
109, 642457
List the prime factors of 274853328.
2, 3, 5726111
What are the prime factors of 57353402?
2, 109, 263089
What are the prime factors of 64744996?
2, 16186249
List the prime factors of 284568467.
1447, 196661
List the prime factors of 4925313834.
2, 3, 7, 117269377
What are the prime factors of 1337611?
11, 17, 23, 311
List the prime factors of 1633425008.
2, 17, 2099, 2861
What are the prime factors of 17203505?
5, 11, 167, 1873
List the prime factors of 156472541.
47, 613, 5431
List the prime factors of 5568142006.
2, 7, 397724429
What are the prime factors of 337298783?
337298783
List the prime factors of 3332453.
1753, 1901
List the prime factors of 489848414.
2, 11, 2024167
What are the prime factors of 16265781?
3, 7, 29, 307
What are the prime factors of 254393047?
6197, 41051
What are the prime factors of 195730707?
3, 17, 3837857
List the prime factors of 805939926.
2, 3, 11, 47, 259813
What are the prime factors of 1564392027?
3, 11, 401, 118219
List the prime factors of 46660426.
2, 941, 24793
What are the prime factors of 548922322?
2, 13, 1907, 11071
List the prime factors of 1743614632.
2, 217951829
List the prime factors of 3407974680.
2, 3, 5, 11, 79, 2971
List the prime factors of 77059452.
2, 3, 1723, 3727
What are the prime factors of 138989564?
2, 7, 599, 8287
List the prime factors of 270827985.
3, 5, 18055199
What are the prime factors of 753373762?
2, 10223, 36847
What are the prime factors of 144499673?
59, 2449147
List the prime factors of 29924109.
3, 311, 10691
What are the prime factors of 165539